11
In base 4, what is 10030323002 + -200?
10030322202
In base 7, what is 1243514222 - -1?
1243514223
In base 6, what is 1 - 1451445440?
-1451445435
In base 14, what is -8826725 + 5?
-8826720
In base 11, what is -1086502 - 1?
-1086503
In base 10, what is -111 + 123589?
123478
In base 5, what is -21400210 - 224?
-21400434
In base 4, what is 11113023010301 - -2?
11113023010303
In base 8, what is -5666370 - -556?
-5665612
In base 11, what is -1357 - -145433?
144087
In base 7, what is -455313 + 265?
-455015
In base 9, what is -117523 - 47?
-117571
In base 4, what is -331210232 + 22?
-331210210
In base 11, what is 6 - -421aa907?
421aa912
In base 2, what is 100001001000 + -1011101110100101?
-1011001101011101
In base 14, what is -13a47 + -1701?
-15348
In base 3, what is -1012 + 2201222?
2200210
In base 10, what is 384 - 81506?
-81122
In base 10, what is 58749 + 357?
59106
In base 12, what is -5a94 - -455?
-563b
In base 8, what is -13 - 40531320?
-40531333
In base 12, what is -1197 + -133?
-130a
In base 6, what is -3153 + 115120?
111523
In base 7, what is 4143 + -100165?
-63022
In base 13, what is 12 - 343095?
-343083
In base 9, what is -2874778 - 476?
-2875365
In base 7, what is -3 - 33500521?
-33500524
In base 2, what is -101 - 10100000100000110?
-10100000100001011
In base 13, what is 870 + -830?
40
In base 15, what is 230500 - 38?
2304b7
In base 5, what is -10 + 21210244?
21210234
In base 16, what is -17 - 54d3c?
-54d53
In base 2, what is 10101011000001011101 + -100111?
10101011000000110110
In base 4, what is 13 - 10130120323?
-10130120310
In base 12, what is 2787 - 126ba?
-bb33
In base 7, what is -500 + 35333?
34533
In base 15, what is b710 - -7c?
b78c
In base 10, what is 1863666 + 0?
1863666
In base 14, what is 13ac + 11231?
125dd
In base 16, what is -31d + 144e?
1131
In base 4, what is -3 + 20212012223?
20212012220
In base 9, what is 11557 - 1554?
10003
In base 12, what is 3 + -862600?
-8625b9
In base 7, what is 444366 + 126?
444525
In base 14, what is -31d45 + 12c?
-31c17
In base 13, what is -3ac - 79a6?
-8085
In base 5, what is 4443012122 - 433?
4443011134
In base 8, what is -12521551 - 174?
-12521745
In base 10, what is -647 + 102650?
102003
In base 6, what is 4 - 55505032203?
-55505032155
In base 11, what is -3 - 1301236?
-1301239
In base 6, what is -310205143 + -2?
-310205145
In base 3, what is -121021100 + -22110022?
-220201122
In base 11, what is -30096 - -2860?
-28336
In base 14, what is c9ba99 + 4?
c9ba9d
In base 15, what is -2b06d6 + 4d?
-2b0688
In base 10, what is 5 - 20400384?
-20400379
In base 11, what is -31073 + -761?
-31824
In base 2, what is 1011101 + 10010110001001?
10010111100110
In base 15, what is -2d3 - 42d?
-711
In base 16, what is 4067 + 10c0f?
14c76
In base 10, what is -6380165 - 8?
-6380173
In base 7, what is 651056346 + 2?
651056351
In base 8, what is -141570602 - 4?
-141570606
In base 5, what is -32134 + 131412?
44223
In base 4, what is -221 + 13202110311?
13202110030
In base 7, what is 10664 - 13436?
-2442
In base 6, what is 24 - -20135025233?
20135025301
In base 2, what is -1000011001111100 + 1100010?
-1000011000011010
In base 12, what is -184b724 + 1?
-184b723
In base 9, what is 30 + -353157?
-353127
In base 11, what is 59 - 7190a5?
-719047
In base 6, what is 211224121 + -1?
211224120
In base 4, what is -133022131230 - -10?
-133022131220
In base 3, what is -2 - 122210221002020?
-122210221002022
In base 4, what is 12 + 1020120001203?
1020120001221
In base 10, what is -233806 + 22?
-233784
In base 7, what is -5 + 5610541?
5610533
In base 4, what is -2132031330 + 1000?
-2132030330
In base 9, what is -1748362 + -10?
-1748372
In base 12, what is -7a - -9ab2a?
9aa70
In base 4, what is -130133121 + -1031?
-130200212
In base 5, what is -143331 - -31441123?
31242242
In base 9, what is -21 - -1874606?
1874575
In base 3, what is -2212210022012000 + -11?
-2212210022012011
In base 8, what is 4 + -235621076?
-235621072
In base 6, what is -1205 - -541343?
540134
In base 2, what is 11110001101101000101 - -101?
11110001101101001010
In base 10, what is 172440 - 1?
172439
In base 4, what is 120313 + 10313210332?
10313331311
In base 8, what is 263147 + 1027?
264176
In base 12, what is 8107a4 - 1?
8107a3
In base 13, what is 683003 - -2a?
683030
In base 15, what is -c2c6a - 83?
-c2ced
In base 9, what is 18884634 - -11?
18884645
In base 15, what is 4 - c9de10?
-c9de0b
In base 6, what is 23114353 + -115?
23114234
In base 4, what is 1313010 - 211221?
1101123
In base 14, what is -3 - -99b332?
99b32d
In base 3, what is 1112012201202 + 2110?
1112012211012
In base 10, what is 344432 + -758?
343674
In base 4, what is -111233 - 1013010?
-1130303
In base 12, what is -2a - -6b6bb9?
6b6b8b
In base 14, what is 3 - -591181?
591184
In base 13, what is -2a19882 + 1?
-2a19881
In base 15, what is -5c - e281a?
-e2877
In base 13, what is -976b915 - 1?
-976b916
In base 2, what is -10111011 - -1000110001011000?
1000101110011101
In base 9, what is 72454 + 1083?
73547
In base 7, what is 303154 + 6053?
312240
In base 5, what is 24 + -100344303?
-100344224
In base 3, what is -2201020201 + 112021?
-2200201110
In base 4, what is -2002030103 + 3223?
-2002020220
In base 5, what is -341140042 - -203?
-341134334
In base 16, what is 14 - -3d2b466?
3d2b47a
In base 16, what is -3 + -562ab6c?
-562ab6f
In base 11, what is -8a + -16152?
-16231
In base 8, what is 0 + 410315705?
410315705
In base 6, what is 2422002125 + 0?
2422002125
In base 3, what is -20122 + 10000121010?
10000100111
In base 11, what is -13 - 6a74048?
-6a74060
In base 16, what is f803 + -277?
f58c
In base 2, what is 11 + -11001011100011100010?
-11001011100011011111
In base 4, what is 1101210032 - -102?
1101210200
In base 7, what is 1422145 - -234?
1422412
In base 9, what is -10 + -61554805?
-61554815
In base 10, what is 72192 + 9511?
81703
In base 7, what is -105 - 31046256?
-31046364
In base 13, what is 1 - b98612?
-b98611
In base 8, what is -2 + -314520544?
-314520546
In base 14, what is -25c1 + -12392?
-14973
In base 14, what is 7b23c3 + 5?
7b23c8
In base 16, what is 209c72f + -1?
209c72e
In base 6, what is 41 - 3021420?
-3021335
In base 7, what is -433552541 - -5?
-433552533
In base 12, what is 19622a - 40?
1961aa
In base 16, what is 1fe4a + -a8?
1fda2
In base 9, what is 3 - -2028305?
2028308
In base 14, what is 625ca9 + -1c?
625c8b
In base 8, what is 0 - -10120101?
10120101
In base 8, what is -135 + -1255771?
-1256126
In base 9, what is -1507678 + 4?
-1507674
In base 3, what is 111 + 10222200120121?
10222200121002
In base 12, what is 18 - -11007aa?
1100806
In base 16, what is 6 - -84a31e?
84a324
In base 12, what is 38 - 106874?
-106838
In base 13, what is -110bba - 76?
-110c63
In base 9, what is 6 - -26078252?
26078258
In base 12, what is 3 + -7a79059?
-7a79056
In base 12, what is -2 - -22007a3?
22007a1
In base 12, what is -3ab0884 + 4?
-3ab0880
In base 4, what is 10 - -3021103021113?
3021103021123
In base 13, what is -269c3c9 + -40?
-269c439
In base 9, what is 22176 - 87568?
-65382
In base 12, what is 11 + a92350a?
a92351b
In base 7, what is 6 - -25124005?
25124014
In base 15, what is 10ae - -5b?
111a
In base 5, what is 12 + -1020023201?
-1020023134
In base 6, what is 344512 + 1221?
350133
In base 8, what is 3 + 342120566?
342120571
In base 16, what is 13 + 89b5?
89c8
In base 7, what is 4540500 + -100?
4540400
In base 10, what is 0 + 32660678?
32660678
In base 3, what is -12 - 1110121211002101?
-1110121211002120
In base 14, what is 5b9697d + 3?
5b96982
In base 8, what is 333222 - -1733?
335155
In base 14, what is 469db - 1c?
469bd
In base 5, what is -3223444 + 11013?
-3212431
In base 14, what is -b5774a + -1?
-b5774b
In base 3, what is 10 + -22021022222010?
-22021022222000
In base 9, what is 3 + -15256006?
-15256003
In base 9, what is -8125 + -2117?
-11243
In base 15, what is 16772a7 + 19?
16772c1
In base 2, what is 10010011 + -111101111001001?
-111101100110110
In base 7, what is 1022142 - -252?
1022424
In base 6, what is -521 - -411435?
410514
In base 7, what is 414 + -152504?
-152060
In base 11, what is 11068303 - -4?
11068307
In base 15, what is 4 - 7c871e1?
-7c871dc
In base 16, what is 1487d - -275?
14af2
In base 15, what is c + 1284b5?
1284c2
In base 8, what is 54 - 41055636?
-41055562
In bas